Let o = -32 + 74. Let k = o - 24. List the prime factors of k.
2, 3
Suppose 0 = -3*p + 9, -2*c + 0*p + 3*p + 35 = 0. Suppose -n = n - c. Suppose 4 = 5*i - n. What are the prime factors of i?
3
Let v(f) = 11*f - 3. List the prime factors of v(13).
2, 5, 7
Let k = 20 + 31. List the prime factors of k.
3, 17
Let j = -48 + 92. List the prime factors of j.
2, 11
Suppose 9 = 3*r, 0 = -2*v - 2*r + 10 + 40. List the prime factors of v.
2, 11
Let y(n) be the first derivative of 2*n**3/3 - n**2 - 2*n + 2. What are the prime factors of y(-2)?
2, 5
List the prime factors of (-3)/(47/12 + -4).
2, 3
Let c(f) = f**2 - 5. List the prime factors of c(-5).
2, 5
Let a = -44 - -116. What are the prime factors of a?
2, 3
Suppose 5 = -2*h + 41. Let d(f) = -f**3 + 8*f**2 - 13*f + 6. Let u be d(6). Suppose u*w = w - h. What are the prime factors of w?
2, 3
Let a(c) = 2*c**3 - 4*c**2 - 3*c - 5. Let t(y) = -y**3 + 2*y**2 + y + 2. Let p(r) = 2*a(r) + 5*t(r). List the prime factors of p(-2).
2, 3
Suppose 3*i - 12 = -3*r, -i - 5*r + 0 = -4. Suppose -5*m = -i*m - 5. Suppose m*x = 13 + 22. What are the prime factors of x?
7
Suppose 0*o - o + 32 = 0. What are the prime factors of o?
2
Suppose 0*h + 3*h - 12 = 0. Suppose 2*l - 10 = 6*l + 5*q, h*l - q = -22. Let a(u) = -u**2 - 7*u + 1. What are the prime factors of a(l)?
11
Let y = 37 - 3. Suppose 3*f = f + y. List the prime factors of f.
17
Suppose 4*y - 6 = 2*y. Suppose -y*j + 0*z + 38 = -2*z, 3*j + z - 26 = 0. List the prime factors of j.
2, 5
List the prime factors of (76/(-8))/(1/(-10)).
5, 19
Let m(y) = 3*y**3 - y**2 + 3*y - 5. List the prime factors of m(3).
2, 19
Suppose 2*y - 7*y + 396 = 3*s, -y + 84 = 3*s. What are the prime factors of y?
2, 3, 13
Let b(a) = 2*a**2 - 14*a - 6. What are the prime factors of b(-4)?
2, 41
Suppose 2*c - d - 51 = 0, 2*c - 2*d = 2*d + 66. Suppose l - c = 9. What are the prime factors of l?
2
Suppose 4*o = 4*c + 4, -18 = 2*c - 4*c - 3*o. Suppose k - 5 - 1 = 0. Suppose -k*d = -c*d - 18. List the prime factors of d.
2, 3
Let y = 4 + -3. Let c(r) = 3*r. Let b be c(y). Suppose 64 = o + b*o. What are the prime factors of o?
2
Let o = 2 - 1. Suppose 3 - o = z. What are the prime factors of z?
2
Let k(r) = 2*r + 3. Let o be k(0). Suppose 0 = -4*u - 4*w + 152, 114 = -o*u + 6*u + 5*w. List the prime factors of u.
2, 19
Let i = -8 - -10. Suppose -2 + 36 = i*o. What are the prime factors of o?
17
Let z be (-69)/(-15) - 4/(-10). Suppose 4*f - 2*m = 21 + z, 5*f - 22 = -m. Suppose 4*j - 4 = 0, f*j - 2*j = -2*p + 17. List the prime factors of p.
7
List the prime factors of -1 + (-25)/(-35) + 970/14.
3, 23
Suppose -3*g = -9*g. Suppose -2*d + 39 = r, -2*r + g*d + d = -58. What are the prime factors of r?
31
Let v(s) = 16*s**2 + 10*s - 9*s - 5*s**3 + 2 + 12*s - 7*s**2. Let t(a) = -a**3 + a**2 + a + 1. Let q(u) = -4*t(u) + v(u). List the prime factors of q(6).
2
Suppose 37 = 2*p + y - 2*y, 4*y = -p + 14. Let n = -16 + p. List the prime factors of n.
2
Suppose 7*s - 115 = 2*s. Suppose -q = q + 5*j - s, -3*q - j + 15 = 0. What are the prime factors of q?
2
Let j = 16 - -107. List the prime factors of j.
3, 41
Let l = -5 - -12. List the prime factors of (0 - -7)*6/l.
2, 3
What are the prime factors of ((-27)/(-9) - (-8)/(-2))*-41?
41
Let s(c) = c**2 - 4*c - 8. Let d be s(6). Suppose r - 103 = -d*r + b, -5*r = b - 97. What are the prime factors of r?
2, 5
List the prime factors of 12/(-60) - 241/(-5).
2, 3
Suppose 0 = -d + 5*k + 74, d - 216 = -3*d + 4*k. List the prime factors of d.
7
Suppose 0 = -4*r + 2*n + 134, 2*n - 175 = -5*r + 6*n. What are the prime factors of r?
31
Suppose 2*h = 3*h - 9. Let g be (6/h)/((-2)/3). Let d(l) = -4*l + 1. List the prime factors of d(g).
5
Let a = 137 + 100. What are the prime factors of a?
3, 79
What are the prime factors of 105*(-2)/24*-4?
5, 7
Suppose 17 = -n + 3*w, 5*n + 2*w + 17 = -0. Let z = n + 5. Let g = z + 7. What are the prime factors of g?
7
Suppose 2*g + 3*z + 189 = 0, -3*g = 2*z - 0*z + 276. List the prime factors of (g/12)/((-6)/8).
2, 5
Let f = 66 - 45. What are the prime factors of f?
3, 7
Let h(y) be the third derivative of -1/24*y**4 + 0*y + 1/60*y**5 - 1/60*y**6 - 2*y**2 + 0 - 1/6*y**3. What are the prime factors of h(-1)?
3
What are the prime factors of -3 + (-87)/(-27) + 5075/45?
113
Let g(t) = 2*t + 20. List the prime factors of g(0).
2, 5
Let q = -56 + 99. What are the prime factors of q?
43
Let z(k) = -k**2 + 0*k**3 + k**3 + 2*k**2. Let f(s) = 5*s**3 - s - 1. Let x(p) = -f(p) + 4*z(p). What are the prime factors of x(2)?
11
Let a(f) = -3*f - 22. List the prime factors of a(-19).
5, 7
Suppose 7*c - 136 = -4*v + 2*c, -3*v - c = -91. What are the prime factors of v?
29
Let m be 3/(-3) + 5 + 1. Suppose m*c - 4*w - 20 - 3 = 0, 0 = 3*c + 3*w - 3. Suppose -c*o = -61 - 5. List the prime factors of o.
2, 11
Suppose 0 = 2*x + 5*q - 80 - 5, 4*q = 12. What are the prime factors of x?
5, 7
Let z(f) = -f**3 - 6*f**2 - 7*f - 9. What are the prime factors of z(-6)?
3, 11
Let u(m) be the third derivative of -5*m**4/24 - m**3/2 - 3*m**2. What are the prime factors of u(-2)?
7
Suppose -5*l = -28 - 37. What are the prime factors of l?
13
Let y = 302 + -107. List the prime factors of y.
3, 5, 13
Let t be 1/3*(-66)/(-2). Suppose t = -2*x + 3*x. List the prime factors of x.
11
Let r = 3 + -2. Suppose -35 = -9*q + 4*q. Let f = q - r. What are the prime factors of f?
2, 3
Let o = 9 + -5. Suppose 5*s - 8 = o*i, -2*i - 6 = 3*s + i. Suppose s = -2*h - 2*h + 20. List the prime factors of h.
5
Let y(i) = i**2 + 11*i - 1. Let c be y(-11). List the prime factors of (c - -5) + (38 - 3).
3, 13
Let n = -2 + 1. Let c be 1 + n*(2 + -1). Suppose -3*q = -c*q - 21. List the prime factors of q.
7
Suppose -4*n = q, 0*n + 16 = 4*n - 3*q. Let b = -1 - n. What are the prime factors of (-5*(b - -4))/(-1)?
2, 5
Let y be 4 - 3 - (-30 - -3). What are the prime factors of 0 + 1 - y/(-4)?
2
Let b(r) = r**2 + 3*r - 4. Let j be b(-4). Suppose j = -0*n - 2*n + 26. What are the prime factors of n?
13
Suppose 3*u + 300 = 2*x, -2 = -u + 2. Suppose -d + 4*d - x = 0. List the prime factors of d.
2, 13
Suppose 17 = -5*m - 3*d + 151, 3*m - 82 = -d. Suppose 0 = 5*l + f - 92 + m, 2*f = 8. List the prime factors of l.
2, 3
Suppose -4*a + 3*y = -17 - 99, -5*a = 4*y - 176. What are the prime factors of a?
2
Let q = -345 - -571. What are the prime factors of q?
2, 113
Let t be 572/6 - (-2)/3. Suppose 0 = 6*k - 2*k - t. What are the prime factors of k?
2, 3
Suppose -1 = -d + 1. What are the prime factors of (-2 - -98)/4 + d?
2, 13
Suppose 4*d + 14 = 118. Let v = d + 10. What are the prime factors of v?
2, 3
List the prime factors of (-470)/(-3) + 3/((-9)/2).
2, 3, 13
Suppose -5*x - l = -14, 3*l - 11 + 3 = 2*x. Suppose x*j + 5*d = -6, 3*j - d = -4*d. Suppose 26 = j*a + w + w, a + 7 = 4*w. List the prime factors of a.
3
Suppose 3*g - 165 = 3*x, g - x + 169 = 4*g. What are the prime factors of g?
2, 7
Suppose -4*h = -4*v - 24, -2*h + 3*v = -v - 20. Suppose -p = -2*p - n + 17, -h*n + 2 = 0. List the prime factors of p.
2
Let a(j) = 3*j. Let o be -3 + (-42)/(-3) - 2. What are the prime factors of a(o)?
3
Let c(x) = -15*x + 2. What are the prime factors of c(-1)?
17
Let o(f) = -26*f**3 + 2*f**2 - 1. Let s be o(1). List the prime factors of (-165)/s - (-6)/(-10).
2, 3
List the prime factors of (-105)/(-60) - (-1)/4.
2
Let s = 2 + -2. Suppose -3*h + 4 + 8 = s. List the prime factors of h.
2
Suppose 3*q - q = 26. Let b = q + -2. What are the prime factors of b?
11
Let d(p) = -p**2 + 13*p - 7. Let l be d(9). Suppose -4*w = 2*t - l - 19, -104 = -4*t - 4*w. List the prime factors of t.
2, 7
Suppose 0 = -i + 4*z + 196, -i = -2*i + 2*z + 190. Suppose 7*j - 3*j = i. What are the prime factors of j?
2, 23
Let g(f) = -f**2 + f + 24. Let c be g(0). Suppose 3*j + 3*u = c, 6*j = 2*j + u + 42. List the prime factors of j.
2, 5
Let r(u) = -12*u + 4. Let c be r(-3). Let i = 70 - c. List the prime factors of i.
2, 3, 5
Let g be 12/8 + 6/(-4). Let q be (g - 1)/(1/(-2)). Suppose -21 = -q*t - 3*d + 13, 3*t = -2*d + 46. List the prime factors of t.
2, 7
Let m(d) = -d**2 + 9*d - 6. Let p be m(8). Suppose -2*g + 28 = 5*b + 6, g = -p*b + 9. List the prime factors of b.
2
Let o be -10*5/((-50)/(-56)). What are the prime factors of o/12*6/(-2)?
2, 